ime factors of m?
19
Suppose 0 = 11*n - 2352 - 3632. List the prime factors of n.
2, 17
Let j = -14 - -25. Suppose -2*u + j = -u. What are the prime factors of u?
11
Suppose -29*c = 489 - 1794. List the prime factors of c.
3, 5
Let g(n) = 2 + 1 + 3 - 2*n + 8*n. List the prime factors of g(9).
2, 3, 5
Suppose 9*w - 4*w - f = 27, -5*w - 4*f + 42 = 0. Let h(n) = n**3 - 3*n**2 - 4*n + 6. What are the prime factors of h(w)?
2, 3, 5
Suppose -g - 150 = -2*w, 4*g - 3*g + 302 = 4*w. Let a = w - 29. What are the prime factors of a?
47
Suppose z + 9 = 3*b - z, 5*z - 40 = -5*b. Suppose -b*m + 129 = -191. List the prime factors of m.
2
Suppose 119*j - 102*j = 1547. List the prime factors of j.
7, 13
Let i = -156 + 160. Suppose 0 = -3*x + 7*x - 104. Suppose 4*l - 2*j + 0*j - 14 = 0, -l = i*j - x. List the prime factors of l.
2, 3
Suppose 0 = 4*y + 5*a - 453, -y = -3*y + 5*a + 219. What are the prime factors of y?
2, 7
Let a(x) = 767*x**3 - x**2 + 4*x - 2. What are the prime factors of a(1)?
2, 3
Let q(a) = -a**3 + 5*a**2 + 4*a + 14. Let p be q(6). Suppose 0 = 2*v + 8 - p. List the prime factors of 1074/18 - v/9.
2, 3, 5
List the prime factors of (-261)/145*(-3700)/6.
2, 3, 5, 37
Suppose 3*s - 5*g = 1, 5*s + 4*g - 6 = 8. Suppose -4 = -s*f + 6. Suppose -b = -4*b + 4*q + 25, -q - 53 = -f*b. What are the prime factors of b?
11
Let s(l) = -3*l**3 + 4*l + 1. Let p(v) = -v**3 - v. Let k(q) = 2*p(q) - s(q). What are the prime factors of k(5)?
2, 47
Suppose 29*w - 2460 = 24*w. What are the prime factors of w?
2, 3, 41
Let o(w) = -3*w - 7. Let k be o(-10). Suppose -u - k + 96 = -4*a, -381 = -5*u + 4*a. List the prime factors of u.
7, 11
Let w = -1940 - -2467. List the prime factors of w.
17, 31
Let j(q) = -q**3 + 6*q**2 - 6*q. Let d(x) = -x**3 - 6*x**2 - x - 1. Let l be d(-6). Let m be j(l). List the prime factors of (-228)/m - 6/(-15).
2, 23
Suppose -3*q + 10 = -4*u - q, 0 = -4*u - 5*q + 25. Suppose -8*y + 7*y + 103 = u. What are the prime factors of y?
103
Suppose -4*c - 32 = -0. Let t be (-2)/c - 66/(-24). Suppose 4*n - 42 = -6*d + 5*d, -n = -t*d + 100. What are the prime factors of d?
2, 17
Suppose 2*l + 77 = -i, 0 = -5*l - 2*i - 0*i - 190. Let r be (l/(-21))/(4/70). Let f = r - 16. List the prime factors of f.
2, 7
Let n = 245 - -319. Suppose 5*j = -w + n, 0 = j - 2*j - 5*w + 108. What are the prime factors of j?
113
Let l(r) = -4*r**3 - 2*r**2 - 2*r + 1. Let p be l(-2). Suppose 3*w - 230 = -o, 4*o - 20 = -0*o. Let c = w - p. List the prime factors of c.
2, 23
Let o(l) = -50*l + 4. Let u be o(2). Let d be (2 + -3)*(u - -1). Suppose 3*j = -j + 5*g + 127, -d = -3*j + 4*g. List the prime factors of j.
3, 11
Suppose -14*s = -17*s - 15. Let p = s + -1. List the prime factors of ((-40)/p)/(16/72).
2, 3, 5
Let l = -21 - -21. Suppose -2*m + 14 = -l*m + 3*z, -3*m = -2*z - 8. Suppose 124 = m*b - 4*r, -4*b = 4*r - 7*r - 128. List the prime factors of b.
5, 7
Let p(n) = 6*n**3 - 4*n**2 - 2. Let h be p(3). Let s be (1/2)/(1/h). Suppose g = 3*g - s. List the prime factors of g.
31
Let u(y) = -2*y**3 - 25*y**2 + 34*y - 63. What are the prime factors of u(-19)?
2, 3, 83
Suppose 0 = 2*a + 4*o - 1010 - 6044, 0 = -a + 4*o + 3515. List the prime factors of a.
13, 271
What are the prime factors of (-189)/(-27) - 1984*-1?
11, 181
Let j = -1526 - -2037. What are the prime factors of j?
7, 73
Let w = 2260 - 1398. What are the prime factors of w?
2, 431
Suppose 9*r - 13 = 8*r. Let s(i) = 2*i**2 - 10*i - 55. List the prime factors of s(r).
3, 17
Let y = 4 + 5. Suppose y*k - 315 = 765. List the prime factors of k.
2, 3, 5
Let b(g) = -12*g**3 + 6*g + 9. List the prime factors of b(-4).
3, 251
Suppose 6*d + 2 = 26. Let b = 12 - 10. Suppose b*n + 186 = 4*u, -d*u + 2*n = -6*u + 84. What are the prime factors of u?
3, 5
Suppose -4*a + 4192 = 5*y - 21, 2*y - 4*a - 1702 = 0. List the prime factors of y.
5, 13
Let x be -6*(-4 + 39/9). Let y = 0 + -20. Let u = x - y. What are the prime factors of u?
2, 3
Let l(a) = -5*a**2 - 2*a + 1. Let m(f) = -9*f**2 - 4*f + 1. Let u(k) = 7*l(k) - 4*m(k). Let c = 3 - 6. What are the prime factors of u(c)?
2, 3
What are the prime factors of ((-10)/4)/(-3*(-12)/(-4248))?
5, 59
Let t = 7 + -17. Suppose -435 - 561 = -4*a. List the prime factors of 8/t - a/(-5).
7
Suppose 0 = c + 4*w - 4429, 5*w - 4428 = -16*c + 15*c. What are the prime factors of c?
11, 13, 31
Suppose 0 = -7*y + 5*y - 50. Let h = y + 30. Suppose 3*v - 143 = v + 3*o, 0 = 2*v + h*o - 103. What are the prime factors of v?
2
Let i = 85 + 7. Suppose 0 = t + c - i, 0 = c + 6 - 3. List the prime factors of t.
5, 19
Let c = 20 + -13. Suppose -3*x = -c - 2. List the prime factors of x.
3
Let k = 13 + -9. Suppose -2*a + 3*a + 5*s = 113, 0 = -k*a - 3*s + 435. What are the prime factors of a?
2, 3
Let y(q) = -39*q + 38. List the prime factors of y(-25).
1013
Let p be 81/6*(-12)/9. Let a = p - -20. Suppose -a*w - w = -72. What are the prime factors of w?
2, 3
Suppose 2*r - 20 = -2*r. Suppose 40 = r*x - 3*f, -2*f = -3*f - 5. Suppose -8 = -k - x*i, -2*i - 70 = -5*k + 3*i. What are the prime factors of k?
13
Let h(f) = -f**3 - 20*f**2 - 26*f + 29. Suppose -11*j - 57 = -8*j. What are the prime factors of h(j)?
2, 3
Let d(w) = w**2 - 12*w + 4. Let v be 12*(5 + -3)/2. Let g be d(v). Suppose -24 = 3*n - g*n. What are the prime factors of n?
2, 3
Let r(y) = y**3 + 4*y**2 - y - 1. What are the prime factors of r(2)?
3, 7
Let y(p) = -1 - 9 - 3*p**3 + 3 + 8 + p. Let n be y(-2). Let b = n - -2. List the prime factors of b.
5
Suppose -3*d + 8*d = -3*w + 949, -4*w - 4*d = -1268. Suppose 54 = -3*u + w. List the prime factors of u.
2, 11
Let l(s) = 3*s + 20. Let k be l(-6). Suppose m - 8 - k = 0. List the prime factors of m.
2, 5
Let y(w) = -w**2 - 13*w - 26. Let z be y(-11). Let m(h) = 4*h**2 - 4*h + 3. List the prime factors of m(z).
83
Suppose 140 + 110 = p. What are the prime factors of p?
2, 5
Let h(g) be the third derivative of 17/6*g**3 + 1/24*g**4 - 5*g**2 + 0 + 1/60*g**5 + 0*g. List the prime factors of h(0).
17
Let s(u) = 647*u + 30. What are the prime factors of s(3)?
3, 73
Let y be (-6)/(-8) + (-63)/(-28). Suppose y*t = 2*a - 157, 2*t = -4*a + 5*a - 81. What are the prime factors of a?
71
Let d(c) = 908*c**3 + c**2 - 4*c + 2. List the prime factors of d(1).
907
Let h(k) = k**2 + 8*k - 6. Let b be h(13). Suppose 3*y - 549 = -2*v - 2*y, -v = 4*y - b. What are the prime factors of v?
7, 41
Let p = 1130 - 534. What are the prime factors of p?
2, 149
Let s be ((-15)/(-5))/(-4 - -5). Suppose -5*o + 4*n + 14 = 0, -5*n + s + 29 = 2*o. What are the prime factors of o?
2, 3
Let m(y) = -38*y + 7. Let j be m(-1). What are the prime factors of (-933)/(-5) - j/75?
2, 3, 31
Suppose 0 = -3*v + 6. Suppose 4*m - m - 2*g = 5, 3*g - 5 = v*m. What are the prime factors of -8*(1 + m/(-1))?
2
Let z(q) = q**2 - 18*q - 36. Let o be z(-10). Let f = -136 + o. List the prime factors of f.
2, 3
Let x = -532 + 788. Suppose 4*d - 761 = f, 305 = 3*d - 4*f - x. What are the prime factors of d?
191
Let p(v) = -2*v - 1. Let t be (-3)/(3 + 27/(-12)). Let h be p(t). Let y = 8 + h. What are the prime factors of y?
3, 5
Let p(q) = 2*q**2 + 3*q - 2. Suppose -4*s + 36 = -6*s. Let x = -16 - s. What are the prime factors of p(x)?
2, 3
Let s be (395 + -5)/(6/4). Suppose 8*u - s = 4*u. Let l = u - 46. What are the prime factors of l?
19
Suppose -7*t + 3*t - 4 = 0. Let l = 8 + t. Let h = 16 + l. What are the prime factors of h?
23
Let p(d) = d**2 + 8*d + 13. Suppose 0*n - 3*n = 21. What are the prime factors of p(n)?
2, 3
Let c(j) = 144*j - 42. List the prime factors of c(7).
2, 3, 7, 23
Let g(z) be the third derivative of 121*z**6/120 + z**5/60 - z**4/6 + z**3/3 - 20*z**2. What are the prime factors of g(1)?
2, 3, 5
Let l = 62 + -62. Suppose 5*r - 1128 = -2*y, l = 4*y + 3 + 1. What are the prime factors of r?
2, 113
What are the prime factors of 12/10*5 + (10 - -2607)?
43, 61
Let o = 1 + 4. Suppose 2*v - 15 = -o. Let s = -3 + v. What are the prime factors of s?
2
Suppose -3*q = -12, -x + 4*q + q + 159 = 0. What are the prime factors of x?
179
What are the prime factors of (-14)/(70/10) + 96?
2, 47
Let h(j) = -17*j - 543. What are the prime factors of h(-43)?
2, 47
Suppose -5*z + 5*r = -15, 14 = 5*z + 2*r - 6*r. Suppose z*l - b = 96, -4*b + 6 - 246 = -5*l.